3. Calculate the highest common factor of 7 and n.
7
Let v(b) = b**2 - 5*b + 4. Let z be v(5). Suppose 5*o + z*x + 11 = 2*o, x = -5. Suppose 238 + 59 = 11*w. What is the highest common factor of w and o?
3
Let w(y) be the first derivative of y**2/2 - y - 4. Let g be w(9). What is the greatest common divisor of 64 and g?
8
Suppose 3*o - 47 - 25 = 0. What is the greatest common factor of o and 12?
12
Let u = -38 - -50. Calculate the greatest common factor of 84 and u.
12
Let y = -6 - -5. Let q be y/2 - (-53)/2. What is the highest common factor of q and 39?
13
Let p = 1 + 5. Let s(c) = 3*c - 8. Let a be s(p). What is the highest common divisor of a and 5?
5
Let w = 165 - 88. Let k(f) = -10*f + 1. Let l be k(-1). What is the greatest common divisor of w and l?
11
Suppose -5*v = -w + 26, -67 = -8*w + 3*w + 4*v. Calculate the highest common divisor of 165 and w.
11
Let a be (-427)/(-63) + (-4)/(-18). Suppose 4*c - 63 = 3*c. What is the greatest common factor of c and a?
7
Let f be -4 - (-1)/((-1)/1). Let a be (-72)/(-5) - (-2)/f. Suppose 0 = u - a - 1. What is the greatest common factor of 15 and u?
15
Suppose -z = c + 3*z + 16, c - 2*z = 8. Suppose 3*b - 51 - 3 = c. What is the greatest common factor of 162 and b?
18
Let w(a) = a + 15. Let o be w(-13). What is the highest common divisor of 2 and o?
2
Let n(s) = -s**2 + 8*s - 1. Let m be n(2). Calculate the highest common factor of 275 and m.
11
Suppose -5*i = 2*q + 295, -59 = -2*i + 3*i - 3*q. Let n = i - -191. What is the highest common factor of 22 and n?
22
Suppose -4 = -2*h + 3*j, -4 = -2*h - 4*j + 2*j. Suppose w - p = 4*w - 20, 0 = -w + 3*p. What is the greatest common factor of h and w?
2
Let b(m) = 3*m - 1. Let r be b(7). Calculate the highest common factor of r and 5.
5
Let h = 64 - 52. What is the greatest common factor of 18 and h?
6
Suppose 8 + 8 = w. Let h = 2 + 14. Calculate the highest common divisor of h and w.
16
Suppose -2 = c + 4*d, -5*c + d + 13 = 2. Suppose 55 = 3*j + c*j. What is the highest common factor of j and 44?
11
Let h = 64 - 43. What is the highest common factor of h and 84?
21
Let v be (-3)/(2/104*-6). What is the greatest common divisor of 104 and v?
26
Let l be (-2 - -3)*-1 - -12. Calculate the greatest common divisor of l and 22.
11
Let s(p) = p + 1. Let t(g) = -g. Let z(x) = -s(x) - 2*t(x). Let f be z(-2). Let j = f - -5. What is the highest common factor of j and 12?
2
Let i be ((-25)/(-15))/(1/3). Suppose -x = -i - 2. Calculate the highest common divisor of x and 56.
7
Suppose 3*o = -0*o + 168. Suppose d = 4*q - 2, -3*d - 2*d - 4*q + 14 = 0. Let l be d*-1 + -3 + 12. What is the greatest common factor of o and l?
7
Let c(g) = 5*g**3 - g**2 - 2*g - 1. Let s be c(-3). Let u = -99 - s. Calculate the highest common divisor of u and 100.
20
Let r(h) = -h**3 + 5*h**2 - 2*h + 1. Let w be r(3). Let n = 180 - 76. What is the greatest common factor of w and n?
13
Let m be (-336)/(-9) - (-6)/9. Suppose m = 4*c - 46. Let t(l) = -l**3 + 4*l**2 - l - 3. Let a be t(3). What is the highest common factor of a and c?
3
Suppose 15 = 4*t - 5*r, r - 15 = -2*t + 6*r. Let j be 4 + -2 + t - 0. Suppose -7*l = -j*l - 15. What is the highest common factor of l and 9?
3
Let n(l) = 12*l**2 + 2*l + 2. Let x be n(-1). Suppose 5*g - u - 466 = 196, -2*g + 3*u = -270. What is the highest common divisor of g and x?
12
Let k(s) = -2*s - 2. Let m be k(-3). What is the highest common factor of 36 and m?
4
Let c = 3 + 0. Suppose -u = 2*x + 5 - 24, 4*x - 5*u = c. What is the highest common divisor of x and 21?
7
Let b = 26 + -18. Suppose 6*i - 7*i = -4. Calculate the highest common divisor of i and b.
4
Let c(a) = -a + 11. Let w be c(6). Suppose 0*g + w*g = 240. What is the highest common factor of g and 72?
24
Suppose 0 = 4*q - 265 - 295. Suppose 0 = 2*x - 4*x - q. Let a = 119 + x. What is the highest common divisor of a and 7?
7
Let h be 52/(-12)*3*-1. Let m(r) = r**3 + 5*r**2 - r - 1. Let b be m(-5). Suppose 342 = b*i + 82. Calculate the highest common divisor of h and i.
13
Suppose 4 = -2*x + 20. What is the greatest common factor of x and 56?
8
Let b = -5 + 17. Calculate the highest common factor of b and 6.
6
Suppose 0*f + 6 = -2*f. Let s be 24/2 - 6/f. Calculate the highest common divisor of 14 and s.
14
Suppose -3*a + 6*a = -51. Suppose 5*o - 7 = -52. Let r = o - a. Calculate the greatest common divisor of 64 and r.
8
Let d = 0 - -2. Suppose 4*l - d*x - 20 = 0, x + 3 = 5*l + 4*x. What is the highest common factor of l and 1?
1
Let q = 8 - 7. Suppose -7 - q = 2*a. Let j be -2 + (-2 - a) + 11. Calculate the highest common factor of j and 11.
11
Let j = 33 - 0. What is the greatest common factor of j and 297?
33
Let n(p) = -p**3 + p**2 + p + 144. Let q(g) = g - 3. Let j be q(3). Let d be n(j). What is the highest common factor of 16 and d?
16
Let q = 48 + -45. What is the highest common factor of 9 and q?
3
Let i(z) = -z**2 + z + 11. Let w be i(0). What is the highest common factor of w and 77?
11
Suppose 2*o + 2*o - 2*j = 68, 4*o = -j + 80. Let i(y) = -2*y**2 + 12*y - 9. Let b be i(4). Let n = o - b. Calculate the greatest common factor of 12 and n.
12
Let y be (-4 - -3)*1 + -1. Let v(m) = m**2 - 3*m - 1. Let g be v(3). Let f = g - y. What is the highest common divisor of 1 and f?
1
Let u be 2*3*(-3)/(-9). Suppose 5 = -j, -j + 2*j = -u*p + 3. Suppose p*z = c + 48, c - 13 = 3*z - 48. What is the highest common divisor of 13 and z?
13
Suppose 2*h = 5*y + 6*h - 17, -y + h + 7 = 0. Calculate the greatest common divisor of 20 and y.
5
Suppose 0 = 4*u - 12, 0 = 4*d - u + 14 - 51. Calculate the greatest common factor of d and 80.
10
Let g = -31 + 57. Calculate the highest common divisor of g and 65.
13
Let t = 521 - 266. Suppose k = 4*i + 130, 2*k = i + 2*i + t. Suppose -2*m = m - k. Calculate the greatest common divisor of 14 and m.
14
Let c(o) = 2*o**2 + o + 5. Let l be c(-5). Let r be (15/(-10))/((-2)/8). Let s be 754/r - (-14)/(-21). Calculate the greatest common divisor of l and s.
25
Let k = -1 - -5. Let m(t) = -t**3 + t**2 + 6. Let h be -3 - (-6 - (-3 - 0)). Let l be m(h). Calculate the highest common factor of l and k.
2
Let k = 92 + -22. Suppose 2*p - 6 + 0 = 0. Suppose p*r - 112 = -r. Calculate the greatest common factor of k and r.
14
Let q = 179 + -161. Calculate the highest common factor of q and 45.
9
Let v be (0 + -4 - 56/7)/(-1). Calculate the greatest common factor of 96 and v.
12
Let x = -207 + 335. Let p(l) = 5*l - 4. Let q be p(4). What is the greatest common factor of q and x?
16
Let y(k) = k**3 + 7*k**2 + 6*k - 2. Let l be y(-5). Calculate the greatest common divisor of 18 and l.
18
Suppose 4*c - 80 = -0. Let x(j) = -2*j + 3. Let m be x(4). Let y be (6/5)/(m/(-125)). What is the highest common factor of c and y?
10
Let z be ((-21)/9 + 2)*-36. Suppose 0*i - z = -4*i. Calculate the highest common factor of i and 3.
3
Let i = 60 + -37. Calculate the greatest common factor of i and 253.
23
Let g(l) = 9*l - 3. Let c(z) = 9*z - 4. Let o(f) = 2*c(f) - 3*g(f). Let y be o(-6). Let r = 30 - 8. What is the greatest common factor of r and y?
11
Let k be 2/(-4)*(7 + -558 - 7). Calculate the greatest common divisor of k and 31.
31
Let y(k) = k**3 - 4*k**2 + 3*k + 20. Let b be y(5). What is the greatest common factor of 36 and b?
12
Suppose 0 = -5*y - 5*b + 190, y + 15 - 59 = -3*b. Let f = 71 - y. Suppose -11 = 5*h - 71. Calculate the greatest common factor of h and f.
12
Let p = 25 - 3. Let b = -8 + p. Let f(r) = 18*r**2 + 3*r + 1. Let d be f(-3). Calculate the highest common divisor of d and b.
14
Suppose 0 = -0*o - 2*o + 34. What is the highest common divisor of 68 and o?
17
Suppose -3*l = 2*j - 4 - 13, 5*l = -3*j + 27. What is the highest common divisor of l and 33?
3
Let y(r) = r - 2. Let j be y(4). Suppose o - 4*b = -12, o - 1 = -4*b + 27. Let x be 5/4*(o - 0). Calculate the greatest common factor of j and x.
2
Let p be ((-2)/(-4))/(3/108). Let u = p + -33. Let b be (-1)/((u/(-78))/(-5)). Calculate the greatest common divisor of 39 and b.
13
Let l be 0 - (-58)/4*14. Let j = l - 139. Calculate the highest common divisor of j and 8.
8
Suppose 5*g - 48 = 5*o - 8, -o = -4*g + 8. Let h = 8 + o. Suppose h = 2*i - 5*i + 45. Calculate the greatest common divisor of i and 135.
15
Suppose 5*n +